he prime factors of k?
2
Let m(g) = g**2 + 2*g - 5. Let i be m(-4). Suppose i*j + 2*j = 375. What are the prime factors of j?
3, 5
Suppose 0 = -5*q + x + 968, -2*x - 392 = -3*q + q. What are the prime factors of q?
193
Suppose 5*z + 37 = -5*t + 7, -5*z - 9 = 2*t. Let a(d) = -d**2 - 11*d - 7. Let u be a(t). Let n = -17 + u. List the prime factors of n.
2
Let h(w) = w + 11. Let d be h(-5). Let f be -4 - (3 + -4)*d. Suppose 5*y = -f + 187. What are the prime factors of y?
37
Suppose -4*f = 3*g - 10331, 0 = -f - 2*g + 3877 - 1298. List the prime factors of f.
5, 11, 47
Suppose -24*r + 3739 + 5813 = 0. List the prime factors of r.
2, 199
Let v = 155 + 121. What are the prime factors of v?
2, 3, 23
Suppose -57*v = -53*v - 304. Suppose y - 239 = -2*t, -v = t + 3*y - 198. What are the prime factors of t?
7, 17
Let f be (12/(-18))/((-2)/9). Suppose 20 = -4*p, -11 = -f*i - 2*p + 3*p. What are the prime factors of (i - 0)*22*1?
2, 11
Let x(s) = 2*s**3 - 5*s**2 - 2. Let f be x(5). Suppose 0 = -p - 2*p + f. List the prime factors of p.
41
Let u(m) = 45*m - 180. What are the prime factors of u(12)?
2, 3, 5
Suppose -207*u - 4 = -203*u. List the prime factors of (-3)/6*2 - (-174 - u).
2, 43
Let f(w) = 2*w - 2. Let u be f(13). Suppose -5*t + 5*m + 95 = 0, 0 = 5*t - 3*m + u - 121. What are the prime factors of t?
2, 5
Suppose 0 = 5*b + 2*u - 2164, 4*b + 865 = 6*b + u. What are the prime factors of b?
2, 7, 31
Let b = -18 + 96. Suppose -80*q + 60 = -b*q. What are the prime factors of q?
2, 3, 5
Let q(b) = 64*b**2 - 3*b - 19. List the prime factors of q(6).
2267
Suppose -5*m + 3099 + 56 = 0. Let j = m - 422. List the prime factors of j.
11, 19
Let x = 4 + -4. Suppose -k + 5*r = -27, 3*k + 0*k - r - 151 = x. List the prime factors of k.
2, 13
Suppose 0 = -k + 3 + 7. Let x(n) = n - 6. Let p be x(k). Suppose -p*f + 62 = -30. What are the prime factors of f?
23
Let l(p) = 7*p**2 - 8*p + 29. What are the prime factors of l(9)?
2, 131
Let z(w) = -6*w - 36. Let j(h) = -h - 5. Let a(f) = 27*j(f) - 4*z(f). What are the prime factors of a(-12)?
3, 5
Let k(v) = -4*v**2 + v - 1. Suppose 2*y = 5*y + 5*p - 13, -4*p = -5*y - 3. Let r be k(y). What are the prime factors of r*(-1)/(8/10)?
5
Suppose 4*w + 0*w - 76 = 0. Let g be 98/3 + 6/18. Suppose -l + w = -g. List the prime factors of l.
2, 13
Let o = 2 - -8. Let b(u) = -u**2 + 12*u + 6. Let w be b(o). Suppose 2*r = 3*l - 0*l + w, 4*l + 72 = 5*r. What are the prime factors of r?
2
Suppose 5*m - 1149 = -159. Let a = -60 + m. What are the prime factors of a?
2, 3, 23
Let h = -320 + 587. Suppose -3*o + h = 3*l, -2*o - l + 166 = -5*l. List the prime factors of o.
3, 29
Suppose 8 = 4*h - 0. Let n(c) = -4 + h + 4 - 1 + 18*c. List the prime factors of n(2).
37
Suppose 0 = y + 3*y - 48. Suppose -y*m = -14*m. Suppose m = 2*s - s - 33. What are the prime factors of s?
3, 11
Suppose -h = 4*j + 322 - 95, -h + 295 = -5*j. Let u = j - -86. What are the prime factors of u?
2, 7
Let b(i) = -i + 3 - 3 + 17*i**2. Let f(a) = -86*a - 345. Let u be f(-4). What are the prime factors of b(u)?
2, 3
Suppose 0 = -6*s + 27 + 9. Suppose 2*y + 776 = s*y. Let g = y + -117. List the prime factors of g.
7, 11
Let u(z) = -2 + 8*z - 2*z**2 + 0 + z**2 - 4. Let m be u(4). What are the prime factors of -3*1 - (-18 - m)?
5
Suppose -3*d - 36 = -5*c, c + 48 = 5*c + 4*d. Let i(x) = x**2 + 5*x - 21. What are the prime factors of i(c)?
3, 5, 7
Suppose -16 = -2*x - 2*a, 2*a + 3*a - 15 = 0. Let n be x/(20/24) - 0. Suppose 5*g - 136 = -n. List the prime factors of g.
2, 13
Let a(v) = v**3 - 4*v**2 + 3*v + 4. Let j be a(3). Suppose -j*u + 300 = 5*d - 7, 161 = 2*u - 5*d. List the prime factors of u.
2, 3, 13
Suppose -z + 0*z - 303 = 5*k, 2*k = -z - 120. Let u = k + 102. Suppose 3*q - 96 = 4*r, r - u = -2*q - 4*r. What are the prime factors of q?
2, 7
Let f(c) = -6*c**2 - 6*c + 46. Let x(n) = 13*n**2 + 13*n - 92. Let o(y) = -9*f(y) - 4*x(y). What are the prime factors of o(-9)?
2, 7
Suppose -5*l + 3*v + 35 = 0, 4*v = -3*l + 2*v + 2. Let i be (l/(-10))/(2/(-10)). Suppose 0 = -i*t - 0*t + 46. List the prime factors of t.
23
Let n = -8 + 5. Let k = n - 25. What are the prime factors of (k - -2)/((-2)/1)?
13
Suppose -7*z + 3*z = 2*p + 32, z = 4*p + 10. Let h(t) = -t**3 - 2*t**2 + 2*t - 7. What are the prime factors of h(z)?
5
Let u be ((-46)/4)/((-13)/182). Suppose -7*l + 8*l = u. What are the prime factors of l?
7, 23
Suppose -2*x - 34 = 4*m, 2*x - m + 14 = -0*m. List the prime factors of (-78)/x*(-3)/(-2).
13
Let y(a) = a**3 + 3*a**2 - 10*a - 7. Let h be y(-5). List the prime factors of (96/10)/(h/(-35)).
2, 3
Let s(t) = 0 + 5*t**2 + 3*t**2 + t**3 + 1 + 2 + 4*t. What are the prime factors of s(-3)?
2, 3
Let g(k) = 77*k + 2. List the prime factors of g(5).
3, 43
Let y(g) = -3 + 9*g**2 + 5*g - 2*g**3 - 2 + 3*g**3 - 4*g**2. Let d be y(-5). Let t = d + 51. What are the prime factors of t?
3, 7
Suppose 0 = -c + 1, -3*h + c = -h - 255. Let o = h - 58. List the prime factors of o.
2, 5, 7
Suppose -j - 12 - 4 = 0. Let c = j - -59. What are the prime factors of c?
43
Let u = 19 - 16. Let z be 2/(3 - 20/8). Suppose -z = -u*v + 110. What are the prime factors of v?
2, 19
Suppose 6109 = 2*v - 3*n, 33*n - 28*n + 15275 = 5*v. List the prime factors of v.
2, 191
Let n = -30 - -30. Suppose f = -3*f + 2*g + 98, n = -3*f - g + 86. What are the prime factors of f?
3
Let l(j) = j**3 + 10*j**2 - 10*j - 14. Suppose 0 = -3*y + v - 30, -4*y + 3*v + 30 = -7*y. List the prime factors of l(y).
2, 43
Suppose 11*j - 1356 = 5*j. Suppose -t + 3*t - 3*s - 103 = 0, 0 = 5*t + 3*s - j. List the prime factors of t.
47
Let v(z) = 129*z - 5. What are the prime factors of v(9)?
2, 17
Suppose 5*f = 3*o + 342 - 5259, 4*f = 5*o - 8208. What are the prime factors of o?
2, 3, 137
Suppose 3548 = 23*r - 6020. List the prime factors of r.
2, 13
Let i(a) = -a**2 + 11*a. Let d be i(11). Suppose 3*v + d = 12. Let o = v + 4. List the prime factors of o.
2
Let g(d) = 6*d**2 - 7*d - 3. What are the prime factors of g(-6)?
3, 5, 17
Let y(i) = -8*i - 4. Let j be y(-6). Suppose 0 = 96*h - 84*h - 96. Suppose -1 + j = 3*n - 4*q, 4*q = h. List the prime factors of n.
17
Let r = 141 + -224. Let d = r - -139. List the prime factors of d.
2, 7
Let m = -52 + 77. Suppose 5*r = -0*r - 10, -m = -3*o + 5*r. Suppose 0*i + 50 = o*i. List the prime factors of i.
2, 5
Let b(h) be the first derivative of 2*h**3/3 + h**2 - 7*h + 3. List the prime factors of b(-6).
53
Let z = 733 + -341. Suppose 0 = -5*i - 2*t + 85 + 396, -z = -4*i + 2*t. What are the prime factors of i?
97
Let g = 16 - 14. Suppose g - 6 = -2*d. Suppose d*b - c = -3*b + 115, -5*c = b - 49. List the prime factors of b.
2, 3
Suppose -4*v + 3*v = -3. Suppose 0 = 2*b - 15 + 11. Suppose -148 = -4*z + v*i, -i = -b*z + 63 + 13. List the prime factors of z.
2, 5
Let s = 1096 + -570. List the prime factors of s.
2, 263
What are the prime factors of (((-5355)/(-20))/3)/((-9)/(-48))?
2, 7, 17
Suppose 7*k + 8 - 22 = 0. Let d = k + 0. List the prime factors of d.
2
Let d(s) = 9 - s**3 + 9*s**2 - 116*s + 125*s + 3. Let f be d(10). Suppose 5*y = h + 135, f*y - 71 = -4*h + h. List the prime factors of y.
2, 7
Suppose 4*w + 8 = -4*g, 0*w - 2 = -g - 3*w. Let f = g + 12. Suppose 3*v - f = 10. What are the prime factors of v?
2, 3
Let l be (29/58)/((-2)/(-4)). Let o(g) = -2 + 4 + 2*g + 15*g. List the prime factors of o(l).
19
Let x be (10 - 8)*1/((-4)/(-330)). Suppose x = 2*y + 3*y. What are the prime factors of y?
3, 11
Let r(y) = y**3 - 5*y**2 - 7*y + 8. Let g be r(6). Let t(d) = 3*d**g + 0*d**2 + 6*d**2 + 2. What are the prime factors of t(-2)?
2, 19
Let w = 35 + -31. Suppose 4*q + 0*u + 12 = -w*u, 3*q = -u - 15. List the prime factors of (-312)/36*q/4.
13
Let k(s) = -s - 1. Let h(a) = -3*a**2 - 13*a - 12. Let f(c) = h(c) - 2*k(c). Let m be f(-5). Let o = 39 + m. What are the prime factors of o?
3
List the prime factors of ((2 - -29)*-1)/(2/(-10)).
5, 31
Suppose -j + 0*j = j. Suppose j*k = -k + 74. What are the prime factors of k?
2, 37
Suppose -40817 = -22*p - 9907. List the prime factors of p.
5, 281
Suppose i - 5 = -0*i, -i + 13 = 4*o. Suppose -o*d + 29 = 2*v + 3, 0 = v + 3*d - 5. What are the prime factors of v?
17
Let s(i) = i**3 - 15*i**2 + 12*i + 30. Let l be s(14). Suppose -2*u = l*v - 16